he prime factors of q?
2
Let a(c) = c**3 + 9*c**2 - 10*c + 2. Let i be a(-10). Suppose 16 = -i*s + 6*s. What are the prime factors of s?
2
Let m = 1 - 0. Let k = 12 + m. Suppose -5*d + 17 = -k. List the prime factors of d.
2, 3
Let v(h) = 13*h - 103. List the prime factors of v(12).
53
Let x(y) = 3*y + 33. List the prime factors of x(16).
3
Let b = 81 + -52. List the prime factors of b.
29
Suppose -2*v - 78 = -5*g, 0*v - 2*g = 3*v + 79. Let m = v + 42. What are the prime factors of m?
13
Suppose -4*i = s - 0*i - 22, 5*i + 210 = 5*s. List the prime factors of s.
2, 19
Let p(s) = -2*s + 5. Let y(n) = 3*n - 7. Let o(l) = -8*p(l) - 5*y(l). List the prime factors of o(12).
7
Suppose 232 = 5*k - 2*d - d, 5*d + 230 = 5*k. What are the prime factors of k?
47
Suppose 5*i - 1015 + 209 = -2*x, 2*x = 3*i + 838. What are the prime factors of x?
7, 59
Suppose 5*h + 2 + 2 = 2*u, 4*h = -3*u + 6. Let m = h + 2. Suppose -m*i = 3*i - 15. List the prime factors of i.
3
Let u = -5 + 2. What are the prime factors of (-6)/(-4)*(-4)/u?
2
Let v(t) = -2*t - 11. Let s be v(-11). Let c = -1 + s. What are the prime factors of c?
2, 5
Let k = -3 - -6. Let g be (-12)/(-10)*(-20)/(-6). Suppose -7 = g*l - k, z - l - 3 = 0. What are the prime factors of z?
2
Suppose -m = -6*m + 50. What are the prime factors of m?
2, 5
Let x(j) = -3*j + 6. Suppose -2*l + l + r = 1, 5*r = -25. What are the prime factors of x(l)?
2, 3
Let w = -9 + 15. Suppose 5*b = g + 18, b + w = 4*b - 3*g. Let f(h) = h**2 - 2*h - 3. List the prime factors of f(b).
5
Let w = -85 - -176. List the prime factors of w.
7, 13
Suppose 0 = -2*m + 3*m + 3. Let k = m + 3. Suppose k = -5*y - v + 40, 0*v = 2*y - 3*v - 33. List the prime factors of y.
3
Let u(f) = 9*f - 2. Let y(v) = 18*v - 5. Let h(s) = -7*u(s) + 3*y(s). What are the prime factors of h(-5)?
2, 11
List the prime factors of (3/36*4)/((-1)/(-429)).
11, 13
Let a = -109 - -177. What are the prime factors of a?
2, 17
Let m = 0 + 3. Let v(f) = f**3 - 2*f**2 + f + 1. Let k be v(m). Suppose -5*z + k = -42. List the prime factors of z.
11
Let r be (-2)/(-4)*-2 + 4. Suppose -4*z - 6 = r*v - 7*z, -20 = -5*v - z. Suppose -12 = -v*b + 21. What are the prime factors of b?
11
Let f = -308 + 740. What are the prime factors of f?
2, 3
Let k(a) = a**3 + 11*a**2 + 10*a - 1. Let g be k(-10). List the prime factors of (-8)/(-2)*(g - -2).
2
What are the prime factors of (-4)/(-18) - (2 + (-2372)/18)?
2, 5, 13
What are the prime factors of (-279)/(-6)*16/12?
2, 31
Let l(u) = 3*u**2 + u + 1. Let j be l(-1). Suppose -i - 7 = j*k + 3, k + 22 = -5*i. List the prime factors of ((-19)/k)/((-4)/(-8)).
19
Let k(x) = -3*x**3 - 14*x**2 + x - 2. What are the prime factors of k(-6)?
2, 17
Let m be (9 - 1)*1/2. Suppose 0 = 3*t - 0*t - 4*d - 28, 4*t - 28 = -m*d. List the prime factors of t.
2
Suppose 4*t - 104 = -4*q, -4*t = t + 3*q - 122. Let l = -16 + t. What are the prime factors of l?
2, 3
Suppose 3*w + 3*x - 93 - 138 = 0, 5*w - 385 = -2*x. Let g = -54 + w. What are the prime factors of g?
23
Let v(y) = y**2 - y + 5. List the prime factors of v(-5).
5, 7
Let d(g) = g**2 - 8. What are the prime factors of d(-9)?
73
Let o(v) = -7*v - 1. What are the prime factors of o(-25)?
2, 3, 29
Let c = 7 + -4. Suppose -b + c*b = 12. What are the prime factors of b?
2, 3
Let v be ((-6)/4)/(3/(-4)). Let o be 5/v + 2/4. Let d = o - -2. What are the prime factors of d?
5
Let l = 7 + -4. Let k be (-1 - l/2)*-2. Suppose -5*d + 2*d = 3*v - 42, v + k*d - 30 = 0. List the prime factors of v.
2, 5
Let c be 2/6 - (-8)/3. What are the prime factors of c + (-3)/3*-18?
3, 7
Suppose -j + 4 = 2*s, j - 4*s - 4 = -s. Suppose j*w + 5 - 1 = 0. Let l = w + 3. List the prime factors of l.
2
Suppose -5 - 20 = -5*n. List the prime factors of (-1)/n + (-130)/(-25).
5
Let t be (-2)/1*(-6)/4. Let p(l) = -t*l - 3*l - 5 + 5*l. List the prime factors of p(-8).
3
Suppose 6 + 9 = -5*c. Let x = c - -10. What are the prime factors of x?
7
Let u(g) = g**2 + 5*g + 2. Let x be u(-5). Suppose 0*t = x*t - 38. Suppose -3*c = -2 - t. What are the prime factors of c?
7
Let i(g) = g**3 - 3*g**2 - 7*g - 1. Let d be i(5). Let c = d - -74. Suppose -4*q = w - 5*q - 20, -c = -5*w + 2*q. List the prime factors of w.
2
Suppose -4*z = -28 - 56. List the prime factors of z*((-2)/(-3) - 0).
2, 7
Let k = -19 - -76. List the prime factors of k.
3, 19
Let g(q) = 2*q - 2. Let v be g(-3). Let y(d) = d - 7. Let a be y(-7). Let f = v - a. What are the prime factors of f?
2, 3
Suppose 3*o = 4*n + 18, 2*n + n = -9. Let d be (1 - o) + 26 - 2. Suppose -d + 7 = -2*w. What are the prime factors of w?
2
Let u = -14 + 21. What are the prime factors of u?
7
Let p(l) = -3*l - 7. Let b(c) = 1. Let r(s) = -5*b(s) - p(s). List the prime factors of r(4).
2, 7
Let j be (-2)/21*3*-7. Suppose d = -5*s + 10, j = -2*s + 3*s + 4*d. Suppose 2*v - 4*v = s*h - 22, -2*v + 26 = 4*h. What are the prime factors of v?
3
Let b = 181 - 70. List the prime factors of b.
3, 37
Let r = 168 - 117. List the prime factors of r.
3, 17
Suppose 7 = 2*z - 47. List the prime factors of z.
3
Suppose -m + 14 = 2. List the prime factors of 86/18 + m/54.
5
Let u = -2 - -7. Suppose 4*k - u*b - 13 = 0, -3*k = b + 4*b - 1. Suppose -k*x = -3*x + 14. What are the prime factors of x?
2, 7
Let n(u) = 5*u**2 - 3*u + 2. Let b be n(4). Let x = b + -45. What are the prime factors of x?
5
What are the prime factors of 8 + 91 + 2*-2?
5, 19
List the prime factors of (160/(-56))/(2/(-7)).
2, 5
Suppose 5*w = -3*w + 1336. What are the prime factors of w?
167
Suppose 4*o - 18 - 162 = 0. List the prime factors of o.
3, 5
Suppose s + 5*z - 15 = 11, 5*s - 152 = -3*z. List the prime factors of s.
31
Suppose -i + p - 84 = -4*i, -5*i - 4*p + 140 = 0. List the prime factors of i.
2, 7
Suppose 0 = 4*h - 2*l + 4, -3*l - 24 = 3*h + h. What are the prime factors of h + 5/(-1)*-1?
2
Suppose 0 = 4*w + 20 + 4. Let a(m) = m**3 + 7*m**2 + 7*m + 5. Let p be a(w). What are the prime factors of -3 - p - (-13 - 4)?
3, 5
Let j = -84 - -142. List the prime factors of j.
2, 29
Suppose 5*m - 7 = s, -5*s + m + 100 = 3*m. List the prime factors of s.
2, 3
Let r(n) = -n**3 + 9*n**2 + 4. Let b = 20 + -11. List the prime factors of r(b).
2
Suppose -5*x = -4*d + 76, 2*d + 2*d + 2*x - 76 = 0. List the prime factors of d.
19
Suppose -7*p = -681 - 1713. List the prime factors of p.
2, 3, 19
Let j(l) = -l**2 - l + 3. Let b be j(-3). Let t = b + 8. What are the prime factors of t?
5
Suppose 2*o - 5*n - 11 = -o, -n + 5 = 3*o. Suppose -62 = -5*s + o*f, 2*s - f - 15 = 9. Let h = 26 - s. List the prime factors of h.
2, 3
Let b(m) = -m. Suppose 2*i - 116 = -28. Suppose -5*d - i = -9. What are the prime factors of b(d)?
7
Let m = -11 + 70. What are the prime factors of m?
59
Let t(a) = a**3 + 4*a**2 + a + 2. Let y be t(-3). Let h = y + -5. List the prime factors of h.
3
Let c = 78 + -51. List the prime factors of c.
3
Let s be 1 - -1 - (-6 + -8). Suppose -3*y + s = -y + i, 2 = i. List the prime factors of y.
7
Suppose 2*b + 22 = -66. Let y = -24 - b. What are the prime factors of y?
2, 5
List the prime factors of 1*91 + (-2 - -4).
3, 31
Let b(t) = -t**3 + 4*t**2 - t - 4. Let c be b(3). Suppose 0 = -4*n - j - c*j - 15, j = -5. Suppose -28 = -n*k - 4*k. List the prime factors of k.
7
Let z = -4 + 15. List the prime factors of z.
11
Suppose -4 = -5*i + 11. Suppose s + i*s = w + 72, w = -4*s + 80. List the prime factors of s.
19
Suppose 2*h + 5*a - 12 = 6*h, 4*h = 2*a. What are the prime factors of h?
2
Suppose -3*m + 46 = -5*m. Let t = m + 2. Let c = -5 - t. What are the prime factors of c?
2
Let z = 13 + 5. List the prime factors of (-172)/(-36) - (-4)/z.
5
Let h be (-9)/(-5) + (-3)/(-15). Suppose -3*y = h*y - 20. Let j = 8 - y. What are the prime factors of j?
2
What are the prime factors of -6*(135/10)/(-9)?
3
What are the prime factors of 13 + (-4 - (-6)/(-3))/(-2)?
2
Let v(y) = -y**3 + y**2 - 2*y + 1. Suppose 0 = -2*f + 1 - 5. List the prime factors of v(f).
17
Suppose -b = -5, -4*b + 40 = -4*r + 8*r. What are the prime factors of r?
5
Let r be (3/6)/(3/36). Let j = 4 + -2. Suppose 0 = j*v - r - 6. What are the prime factors of v?
2, 3
What are the prime factors of (98/35)/(1/25)?
2, 5, 7
Let q(j) = -j. Let i be q(-4). Suppose 4*c + 28 = i. Let m = -3 - c. 